 multiple of 11?
True
Is 2389 a multiple of 45?
False
Is 13 a factor of 1613?
False
Is 4 a factor of 11?
False
Is 80 a factor of 6288?
False
Is 55605 a multiple of 165?
True
Is 42 a factor of 625?
False
Does 17 divide 708?
False
Is 16074 a multiple of 12?
False
Does 4 divide 605?
False
Is 3055 a multiple of 14?
False
Is 2882 a multiple of 11?
True
Does 47 divide 2213?
False
Is 137 a factor of 6706?
False
Is 651 a multiple of 2?
False
Is 78 a factor of 7871?
False
Is 336 a multiple of 24?
True
Is 16 a factor of 91808?
True
Is 12 a factor of 1465?
False
Is 842 a multiple of 4?
False
Is 32 a factor of 5856?
True
Does 10 divide 1751?
False
Does 137 divide 8167?
False
Is 2430 a multiple of 18?
True
Is 136 a multiple of 8?
True
Does 308 divide 55088?
False
Is 20 a factor of 40?
True
Is 840 a multiple of 16?
False
Does 93 divide 20646?
True
Is 13 a factor of 2093?
True
Is 51 a factor of 102?
True
Does 39 divide 209?
False
Does 3 divide 22?
False
Does 9 divide 112?
False
Is 5 a factor of 3085?
True
Is 2340 a multiple of 45?
True
Is 10384 a multiple of 4?
True
Is 35 a factor of 1750?
True
Is 2 a factor of 380?
True
Is 100 a multiple of 2?
True
Is 39429 a multiple of 39?
True
Is 18924 a multiple of 19?
True
Is 12283 a multiple of 51?
False
Does 35 divide 511?
False
Is 39 a factor of 895?
False
Is 17 a factor of 1192?
False
Is 31 a factor of 155?
True
Is 12 a factor of 9013?
False
Is 1944 a multiple of 27?
True
Is 8 a factor of 82645?
False
Is 2608 a multiple of 8?
True
Does 32 divide 3992?
False
Does 12 divide 1476?
True
Is 79 a factor of 1168?
False
Is 16140 a multiple of 30?
True
Is 89 a factor of 3293?
True
Is 47 a factor of 6131?
False
Is 2 a factor of 48?
True
Is 61 a factor of 35380?
True
Is 74 a multiple of 8?
False
Is 33540 a multiple of 129?
True
Is 5142 a multiple of 12?
False
Is 382 a multiple of 34?
False
Is 19 a factor of 931?
True
Is 3213 a multiple of 9?
True
Is 368 a multiple of 4?
True
Is 92 a factor of 3312?
True
Is 1573 a multiple of 30?
False
Does 15 divide 1320?
True
Is 6 a factor of 13762?
False
Does 59 divide 106236?
False
Is 68565 a multiple of 21?
True
Is 42 a factor of 42?
True
Does 47 divide 10387?
True
Does 12 divide 258?
False
Is 87824 a multiple of 382?
False
Is 65 a factor of 861?
False
Does 37 divide 160?
False
Does 34 divide 171?
False
Is 103 a factor of 4633?
False
Does 89 divide 834?
False
Does 9 divide 2983?
False
Is 45 a factor of 990?
True
Is 5 a factor of 2351?
False
Does 20 divide 1734?
False
Is 39 a factor of 9750?
True
Does 11 divide 451?
True
Does 32 divide 4250?
False
Is 45 a factor of 20610?
True
Is 3 a factor of 198?
True
Is 269 a multiple of 13?
False
Does 10 divide 130?
True
Is 42 a factor of 126?
True
Does 8 divide 1000?
True
Is 5040 a multiple of 70?
True
Does 21 divide 189?
True
Does 52 divide 13827?
False
Does 94 divide 1822?
False
Is 7 a factor of 252?
True
Is 14 a factor of 1358?
True
Does 48 divide 3383?
False
Is 331 a multiple of 12?
False
Is 7 a factor of 182?
True
Does 22 divide 22?
True
Is 16 a factor of 4864?
True
Is 3 a factor of 682?
False
Does 42 divide 294?
True
Is 117 a factor of 10186?
False
Is 63 a factor of 23494?
False
Is 22008 a multiple of 21?
True
Is 153 a factor of 10251?
True
Is 3192 a multiple of 6?
True
Is 48 a factor of 1152?
True
Is 51 a factor of 561?
True
Does 22 divide 5141?
False
Does 18 divide 3114?
True
Is 19 a factor of 1216?
True
Is 16306 a multiple of 31?
True
Does 90 divide 59040?
True
Is 16 a factor of 2459?
False
Is 11 a factor of 671?
True
Is 9316 a multiple of 4?
True
Is 1260 a multiple of 14?
True
Is 43 a factor of 4988?
True
Is 24 a factor of 10536?
True
Is 368 a multiple of 19?
False
Does 51 divide 510?
True
Does 22 divide 700?
False
Does 36 divide 864?
True
Is 4928 a multiple of 16?
True
Is 39 a multiple of 2?
False
Is 2740 a multiple of 10?
True
Is 207 a multiple of 32?
False
Does 37 divide 23791?
True
Is 50299 a multiple of 251?
False
Is 23 a factor of 268?
False
Is 3175 a multiple of 44?
False
Is 520 a multiple of 32?
False
Does 14 divide 1638?
True
Does 9 divide 477?
True
Does 9 divide 18429?
False
Is 15 a factor of 54660?
True
Is 64 a factor of 982?
False
Is 145 a factor of 11295?
False
Does 109 divide 49975?
False
Is 17 a factor of 1615?
True
Is 21 a factor of 951?
False
Is 50 a factor of 3022?
False
Is 26 a factor of 32222?
False
Does 38 divide 12798?
False
Does 44 divide 3408?
False
Is 4 a factor of 1884?
True
Is 9918 a multiple of 171?
True
Is 47939 a multiple of 118?
False
Is 340 a multiple of 17?
True
Does 9 divide 227?
False
Is 2604 a multiple of 3?
True
Is 2080 a multiple of 12?
False
Is 9 a factor of 64935?
True
Is 8 a factor of 2086?
False
Is 13104 a multiple of 72?
True
Is 110 a factor of 10780?
True
Is 62 even?
True
Does 43 divide 1986?
False
Is 11 a factor of 838?
False
Does 4 divide 15716?
True
Does 31 divide 1147?
True
Does 53 divide 424?
True
Is 2674 a multiple of 7?
True
Is 4384 a multiple of 8?
True
Is 8 a factor of 8880?
True
Is 31 a factor of 12555?
True
Is 1525 a multiple of 84?
False
Is 1557 a multiple of 25?
False
Is 57 a factor of 627?
True
Is 68 a factor of 6936?
True
Does 11 divide 187?
True
Does 69 divide 4512?
False
Does 18 divide 1459?
False
Does 18 divide 2664?
True
Is 9 a factor of 369?
True
Is 7049 a multiple of 53?
True
Is 32 a factor of 36616?
False
Does 66 divide 1594?
False
Does 30 divide 11142?
False
Does 8 divide 400?
True
Is 5 a factor of 16550?
True
Does 20 divide 13420?
True
Does 6 divide 656?
False
Is 632 a multiple of 7?
False
Is 27 a factor of 27054?
True
Is 3309 a multiple of 18?
False
Is 585 a multiple of 65?
True
Is 12 a multiple of 6?
True
Is 13 a factor of 901?
False
Does 8 divide 18536?
True
Is 21344 a multiple of 46?
True
Does 14 divide 86?
False
Is 27162 a multiple of 14?
False
Does 45 divide 890?
False
Is 5844 a multiple of 26?
False
Is 1601 a multiple of 24?
False
Does 349 divide 75605?
False
Is 44 a factor of 5940?
True
Is 16 a factor of 384?
True
Is 169 a factor of 7774?
True
Does 17 divide 374?
True
Does 18 divide 22641?
False
Does 5 divide 4020?
True
Is 38 a factor of 1520?
True
Does 34 divide 785?
False
Is 13164 a multiple of 17?
False
Is 7194 a multiple of 11?
True
Is 21284 a multiple of 18?
False
Is 832 a multiple of 108?
False
Is 1140 a multiple of 18?
False
Does 31 divide 1302?
True
Is 9453 a multiple of 23?
True
Is 100139 a multiple of 26?
False
Is 56 a factor of 5013?
False
Is 200 a multiple of 40?
True
Is 70 a multiple of 12?
False
Is 307 a multiple of 26?
False
Does 24 divide 45264?
True
Does 61 divide 18761?
False
Does 138 divide 47141?
False
Is 130 a factor of 9620?
True
Is 36 a multiple of 7?
False
Does 20 divide 23760?
True
Is 693 a multiple of 63?
True
Is 6 a factor of 97?
False
Is 70 a factor of 70?
True
Does 26 divide 1820?
True
Is 3 a factor of 2277?
True
Does 4 divide 148?
True
Does 33 divide 2112?
True
Is 877 a multiple of 3?
False
Does 54 divide 24057?
False
Is 40 a factor of 9360?
True
Is 170 a factor of 27880?
True
Is 16 a multiple of 2?
True
Does 82 divide 5904?
True
Does 30 divide 1628?
False
Does 30 divide 30?
True
Does 17 divide 115?
False
Is 2288 a multiple of 22?
True
Does 7 divide 140?
True
Is 22 a factor of 48669?
False
Is 693 a multiple of 65?
False
Is 882 a multiple of 63?
True
Is 1659 even?
False
Is 38 a factor of 5282?
True
Is 39 a factor of 3315?
True
Is 13 a factor of 6045?
True
Does 37 divide 29908?
False
Is 424 a multiple of 4?
True
Is 13459 a multiple of 21?
False
Is 99 a multiple of 11?
True
Is 51 a factor of 383?
False
Is 67 a factor of 4489?
True
Is 702 a multiple of 72?
False
Is 16 a factor of 1365?
False
Is 69 a factor of 2967?
True
Is 123 a factor of 15890?
False
Is 6958 a multiple of 21?
False
Is 286 a multiple of 11?
True
Is 22611 a multiple of 21?
False
Is 553 a multiple of 25?
False
Is 1710 a multiple of 45?
True
Is 103 a factor of 36150?
False
Is 1246 a multiple of 89?
True
Is 930 a multiple of 5?
True
Does 12 divide 96?
True
Does 12 divide 138?
False
Is 11128 a multiple of 107?
True
Is 1826 a multiple of 22?
True
Does 20 divide 646?
False
Is 7 a factor of 60?
False
Does 97 divide 18093?
False
Does 295 divide 142485?
True
Is 75 a factor of 6472?
False
Is 28 a factor of 28?
True
Does 5 divide 1740?
True
Is 6 a factor of 5330?
False
Does 9 divid